 a?
1
Let s(r) = -106*r**3 + 6*r**2 + 13*r - 15. Let o be s(-5). What is the units digit of (3/5)/(12/o)?
6
Suppose -2*z + 4 - 10 = 0. What is the hundreds digit of (2 - (-27)/z) + 374?
3
Let u = 4031 - 1172. What is the tens digit of 12/(-32) - u/(-8)?
5
What is the hundreds digit of (50/(-50))/(8/(-204952))?
6
Let c = -3957 - -7169. What is the hundreds digit of c?
2
Suppose -5*j + 41637 + 30068 = 5*i, -5*i - 4*j = -71701. What is the units digit of i?
7
Let r(v) = 4*v**3 + 4*v**2 - 8*v + 99. What is the thousands digit of r(6)?
1
Suppose -2*r = 3*p - 43080, -p + 2*r + 14334 = 7*r. What is the tens digit of p?
6
Let a = 829 - 742. Suppose a*t - 94*t + 13286 = 0. What is the tens digit of t?
9
Let w = -8332 - -11694. Suppose 17*d - 17540 + w = 0. What is the hundreds digit of d?
8
What is the thousands digit of 4493 - (-24 + 29)/(-2 + 1)?
4
Suppose 12*s + 217 + 1703 = 0. Let b be (s/(-24))/((-2)/(-3)). Suppose 644 = b*x - 3*x. What is the tens digit of x?
9
Let r(g) = g**3 + 2*g**2 + 3*g + 3. Let j(a) = 3*a + 5. Let z be j(0). Let t be r(z). Let o = t + -129. What is the units digit of o?
4
Let p(u) be the third derivative of u**5/20 - u**4/12 - 4*u**3/3 - 9*u**2. Let j be p(-8). Suppose 2*s = -0*s + j. What is the hundreds digit of s?
1
Let h(f) = 6*f**2 - 122*f + 49. Let t be h(20). What is the units digit of 3005/t - (14 + 1778/(-126))?
4
Let a(p) = -p**2 + 98*p + 280. What is the hundreds digit of a(61)?
5
Let f be (-3)/((-6)/(-1322))*-1. Let b = f + -55. Suppose -49*m + 52*m - b = 0. What is the hundreds digit of m?
2
Suppose -5*d + 5*b - 5875 = -10*d, 0 = d + 3*b - 1171. Let q = d + -691. What is the units digit of q?
6
Suppose -34*k = -32*k - 78. Suppose -37*m = -k*m + 194. What is the units digit of m?
7
Let z(a) = 50*a**2 - 154*a - 49. What is the ten thousands digit of z(28)?
3
What is the hundreds digit of (-44)/66*(4 + (-455180)/8)?
9
Suppose -4*r + 41 = -7*a + 2*a, r + a = -1. Suppose 2*i + 3119 = 5*y + 6*i, -i = r. What is the tens digit of y?
2
Let z be 3*(-2)/(-4) - (-3460)/(-40). What is the units digit of -1*(z/15)/(3/9)?
7
Let l be (-2)/6*-9*(0 + -94). Let f = 1071 + l. What is the hundreds digit of f?
7
Suppose -o + 1216 = -2*l + 456, -3809 = -5*o + l. Suppose -5*g + 5*h = -o - 1853, 0 = -g - 4*h + 538. What is the tens digit of g?
2
Let j = 8 + -12. Let o(z) = -z**3 - z + 2. Let x(b) = b**3 - b**2 - 1. Let f(c) = o(c) - x(c). What is the units digit of f(j)?
1
Let o = 1604 + -1608. Let q(k) = -26*k - 11. Let m(w) = -w. Let b(r) = 3*m(r) + q(r). What is the tens digit of b(o)?
0
Let d(t) = 10*t + 534. Let y be d(-47). Suppose -5 = -x + 1. Let a = y + x. What is the units digit of a?
0
Let i(s) = s**2 - 34. Let a be i(6). What is the hundreds digit of a*(-1 - 3234/(-12))?
5
Suppose 4*u - 33008 = 2*o, -4*o + 136 - 120 = 0. What is the units digit of u?
4
Suppose 5*t - 16*h = -11*h + 237465, -3*t = -4*h - 142480. What is the units digit of t?
2
Let w(q) = 2*q**2 - 4*q + 2. Let m be w(4). Let i be 7 - (96/54 + 4/m). Suppose p = -3*u + 21 + 118, -2*p + 232 = i*u. What is the tens digit of u?
4
Suppose -5*i = -2*z + 14577, -3*z = i - 22256 + 382. What is the thousands digit of z?
7
Let v be (-1)/(-4) + (-105264)/192. Let b = v + 1083. What is the tens digit of b?
3
Let c = 92260 + -62134. What is the tens digit of c?
2
What is the hundreds digit of (-2 + 13)/(-99) - (-110828)/18?
1
Let j be (3/(-15))/(-1) + (-57)/(-15). What is the units digit of (9 - -32)/(j*4/160)?
0
Let h be 266/6 - 14/(-21). Suppose -3*o = -0*f + 5*f + h, 4*o - 8 = -f. What is the tens digit of (f*3)/(2/(-5))?
9
What is the hundreds digit of (22797/(-153))/((-1)/28)?
1
Let l(i) be the second derivative of -i**5/20 - 7*i**4/4 + i**3 - 5*i. Let o(p) be the second derivative of l(p). What is the units digit of o(-17)?
0
Let b = 53 + -38. Let v = -12 + b. Suppose -3*z - f + 79 = 0, -4*z + 5*f = v*f - 122. What is the tens digit of z?
2
Suppose x - m - 18019 = 0, 15*x + 5*m = 10*x + 90105. What is the ten thousands digit of x?
1
Suppose 4*t - 8 = -0*t. Suppose -t*p - 2735 = -7*p. Suppose -3*a + 5 = 2*a, -5*a - p = -4*o. What is the tens digit of o?
3
Let r be (-8*((-52)/(-8) + -6))/(-2). Let x(m) = 765*m + 49. What is the thousands digit of x(r)?
1
Let u(o) = 12*o + 28. Let h be u(-4). Let g = -20 - h. Suppose -2 = 2*t, g = 5*j - j + 3*t - 953. What is the tens digit of j?
3
Suppose -30*b - 64614 = -33*b - 3*j, 5*b - j = 107690. What is the ten thousands digit of b?
2
Suppose 6*i - 68466 = -5*n + 3*i, -5*n + 68468 = 4*i. What is the units digit of n?
2
Let t be (6/7)/(-2) + 248/56. Suppose 2970 = t*v - 2*w, 3*v = -0*v + 3*w + 2232. What is the units digit of v?
1
Let o = -662 + 143. Let b = -69 - o. Suppose 4*s = t - 165, -3*t = 2*s + s - b. What is the tens digit of t?
5
Let t = 478 + -745. What is the tens digit of t*(8 - 10) - 2?
3
Let d(g) = 11216*g**2 - 108*g - 106. What is the hundreds digit of d(-1)?
2
Let r(h) = 20*h**2 + 314*h - 71. What is the units digit of r(-48)?
7
Let p(d) = 3*d**3 + 77*d**2 - 39. What is the hundreds digit of p(-23)?
1
Suppose 0 = 16*f - 8*f - 77180 - 63252. What is the tens digit of f?
5
Suppose 166*t - 6952 = 162*t. Let y = t - 809. What is the hundreds digit of y?
9
Suppose 5 = w + 3*x - 2*x, 3*x = -4*w + 16. Let d be (w + 95)*(168/18 - -4). Suppose d = -z + 11*z. What is the units digit of z?
8
Let r(h) be the first derivative of -h**4/2 - 11*h**3/3 - 15*h**2 + 7*h + 132. What is the tens digit of r(-3)?
5
Suppose -4*m + 19*o - 32 = 15*o, 32 = -4*m + o. What is the units digit of (8*-90)/(-1)*m/(-12)?
0
Suppose 23 + 12 = 7*p. Let i(s) = 17*s**2 - 14*s + 18. What is the tens digit of i(p)?
7
What is the tens digit of (-76)/(-4) - 8 - -30631?
4
Let b(g) = 6*g**2 - 38*g - 7. Let z be b(14). What is the tens digit of (1 - (0 + -2)) + 2 + z?
4
Let s(c) = c**3 + 10*c**2 - 8*c + 38. Let l be s(-11). Let v(h) = 74*h - 47. What is the tens digit of v(l)?
2
Suppose -3*d + 785 = -2*q + q, -4*d + 2*q + 1044 = 0. Suppose h - d - 237 = 0. What is the units digit of h?
0
Let s(y) = 4*y + y**2 + 30 + 5*y - 29. Let p be s(-5). Let a = 40 + p. What is the units digit of a?
1
Let o(f) = 6*f**2 + 2*f. Let g be (-2)/((-3 - -2)*2). Let u be o(g). Suppose 3*t - u*t - 5*j + 725 = 0, 568 = 4*t + j. What is the units digit of t?
1
Suppose -4*j = 146 + 50. Suppose 13*v + 150 = 1528. Let f = v - j. What is the units digit of f?
5
Let i be ((-2452)/12*(0 - 6))/(-2). Let y = i - -1060. What is the tens digit of y?
4
Suppose 19*u + 10 + 9 = 0. Let t be (-975)/(-18) - (20/(-24) - u). What is the tens digit of t/(-12)*188/(-3)?
8
Suppose -2703859 = -57*v - 57*v - 319321. What is the units digit of v?
7
Let n be ((-3)/2)/(3/(-42)). Let m = -6 - n. Let t = m - -84. What is the units digit of t?
7
Suppose -2*f - 5*v + 129 = 2*f, 3*f - 4*v = 58. Suppose 0 = -27*m + f*m - 110. Let p = 202 + m. What is the units digit of p?
2
What is the units digit of 6430/30*(-5 - -8)?
3
Let g be (-48818)/(-44)*(-3 - -5). Suppose -63*h = -56*h - g. What is the tens digit of h?
1
What is the tens digit of (10/(-8) + 144/(-192))*-136?
7
Let c(o) = 2*o**2 - 121*o + 16972. What is the units digit of c(0)?
2
Let z(r) = -r + 10. Let c be z(6). Suppose -n = -c*n + 462. Suppose 2*q + 18 = n. What is the units digit of q?
8
Let x(l) = l**3 - 10*l**2 - l + 18. Suppose -7*a - 5*h = -2*a - 60, 10 = 5*h. Let u be x(a). Suppose -33 - 255 = -u*g. What is the tens digit of g?
3
Let f = -94 + 94. Suppose 27*x - 18*x - 2169 = f. What is the tens digit of x?
4
Suppose 3 = 8*n + 3. Suppose 8*i - 3*i = -x + 24, -3*i + 12 = 0. Suppose n = x*v - 0*v - 4*w - 144, 0 = 3*v - 5*w - 102. What is the tens digit of v?
3
Suppose 15*l = -40*l + 16*l + 175227. What is the thousands digit of l?
4
Suppose -1180 = -4*v - 4*u, -605 = -2*v + 3*u - 10*u. Let z = v - 167. What is the hundreds digit of z?
1
Let i = -4327 - -2548. Let q = i + 3638. What is the hundreds digit of q?
8
Suppose -29*m + 10 = -24*m. Suppose m*h + 3*b - 1291 = 0, 4*b + 1302 + 609 = 3*h. What is the units digit of h?
1
Suppose 0 = -4*l + 3*l - 3204. What is the tens digit of (l/(-27) + -4)*3/2?
7
Suppose 0*b - 464283 = -13*b - 118353. What is the tens digit of b?
1
Suppose -4*z + 19091 = 2*d - 253, 2*z - d = 9676. What is the tens digit of z